culate the highest common factor of 726 and 198.
66
What is the greatest common factor of 8695 and 235?
235
Calculate the greatest common divisor of 1656 and 504.
72
Calculate the highest common factor of 31 and 713.
31
What is the greatest common divisor of 9 and 144?
9
Calculate the highest common divisor of 48 and 132.
12
Calculate the highest common divisor of 215 and 86.
43
What is the greatest common factor of 3335 and 460?
115
Calculate the greatest common divisor of 2882 and 22.
22
What is the highest common divisor of 102 and 238?
34
Calculate the greatest common factor of 4 and 460.
4
What is the greatest common factor of 183 and 122?
61
What is the highest common divisor of 68 and 782?
34
Calculate the greatest common divisor of 52 and 17836.
52
Calculate the highest common factor of 65 and 13.
13
What is the greatest common divisor of 1509 and 24647?
503
Calculate the highest common divisor of 40 and 24.
8
What is the highest common divisor of 248 and 176?
8
Calculate the greatest common factor of 28 and 7.
7
What is the greatest common divisor of 327 and 3?
3
What is the greatest common factor of 75 and 30?
15
What is the highest common divisor of 29 and 1537?
29
Calculate the highest common divisor of 78 and 741.
39
What is the greatest common divisor of 602 and 2494?
86
Calculate the greatest common factor of 165 and 150.
15
Calculate the highest common factor of 116 and 4292.
116
What is the highest common divisor of 2862 and 108?
54
Calculate the greatest common divisor of 42060 and 60.
60
What is the highest common factor of 39 and 18?
3
Calculate the highest common divisor of 20 and 12.
4
What is the highest common divisor of 1426 and 46?
46
Calculate the greatest common divisor of 632 and 8.
8
What is the greatest common divisor of 42 and 1239?
21
What is the greatest common factor of 4096 and 4?
4
Calculate the greatest common factor of 1566 and 12.
6
Calculate the highest common factor of 11 and 451.
11
Calculate the highest common factor of 2703 and 636.
159
What is the highest common factor of 16 and 2350?
2
Calculate the greatest common divisor of 390 and 910.
130
Calculate the highest common divisor of 23 and 25369.
23
Calculate the greatest common factor of 210 and 112.
14
What is the greatest common factor of 110 and 44?
22
What is the greatest common divisor of 66 and 77?
11
What is the greatest common divisor of 60036 and 12?
12
Calculate the highest common factor of 634 and 8.
2
Calculate the greatest common factor of 351 and 156.
39
What is the highest common divisor of 32 and 14496?
32
What is the highest common factor of 40 and 4610?
10
What is the highest common factor of 144 and 9?
9
Calculate the greatest common factor of 2321 and 77.
11
What is the greatest common factor of 2175 and 60?
15
Calculate the highest common factor of 6454 and 84.
14
Calculate the greatest common divisor of 305 and 39955.
305
What is the greatest common divisor of 100 and 110?
10
Calculate the highest common divisor of 2 and 62.
2
Calculate the greatest common factor of 20 and 44.
4
What is the highest common divisor of 1533 and 42?
21
Calculate the highest common divisor of 609 and 63.
21
What is the greatest common divisor of 7572 and 6?
6
What is the highest common factor of 76 and 8?
4
What is the highest common factor of 565 and 2147?
113
What is the highest common divisor of 57 and 2?
1
What is the greatest common divisor of 3810 and 12?
6
Calculate the greatest common divisor of 4103 and 209.
11
What is the highest common factor of 5 and 445?
5
What is the highest common factor of 8 and 1176?
8
What is the greatest common factor of 132 and 680?
4
Calculate the greatest common factor of 6119 and 116.
29
Calculate the greatest common factor of 530 and 318.
106
Calculate the highest common divisor of 77 and 1673.
7
Calculate the highest common divisor of 8 and 640.
8
What is the highest common divisor of 141 and 9?
3
Calculate the highest common divisor of 21 and 579.
3
What is the greatest common factor of 78 and 832?
26
What is the greatest common factor of 1164 and 12?
12
Calculate the highest common factor of 1062 and 36.
18
Calculate the highest common factor of 13 and 221.
13
Calculate the highest common divisor of 4 and 428.
4
Calculate the greatest common divisor of 192 and 168.
24
Calculate the greatest common factor of 245 and 15.
5
What is the highest common factor of 26 and 32?
2
Calculate the highest common factor of 4356 and 594.
198
Calculate the greatest common divisor of 3164 and 434.
14
What is the greatest common divisor of 780 and 120?
60
What is the greatest common divisor of 6622 and 11?
11
What is the greatest common factor of 65 and 2561?
13
What is the highest common divisor of 261 and 81?
9
Calculate the highest common factor of 1276 and 1508.
116
Calculate the greatest common divisor of 1640 and 738.
82
Calculate the greatest common factor of 12427 and 43.
43
Calculate the greatest common factor of 10414 and 164.
82
Calculate the highest common divisor of 19 and 2641.
19
Calculate the greatest common divisor of 536 and 1541.
67
What is the highest common divisor of 36 and 8082?
18
What is the greatest common factor of 176 and 48?
16
Calculate the highest common divisor of 20 and 640.
20
What is the greatest common divisor of 690 and 285?
15
What is the highest common divisor of 176 and 16?
16
Calculate the greatest common divisor of 52 and 884.
52
Calculate the highest common factor of 18 and 5211.
9
What is the highest common factor of 31 and 4?
1
Calculate the highest common divisor of 9 and 900.
9
What is the greatest common factor of 17376 and 96?
96
What is the highest common divisor of 18 and 243?
9
What is the highest common divisor of 238 and 7?
7
What is the highest common divisor of 15 and 2505?
15
What is the highest common divisor of 4634 and 28?
14
Calculate the highest common factor of 912 and 285.
57
Calculate the highest common factor of 1215 and 675.
135
Calculate the greatest common factor of 1690 and 507.
169
What is the highest common factor of 44 and 77?
11
Calculate the highest common factor of 962 and 1274.
26
Calculate the highest common factor of 405 and 3699.
27
What is the highest common factor of 87 and 203?
29
What is the greatest common factor of 144 and 9?
9
Calculate the greatest common divisor of 88 and 143.
11
Calculate the highest common factor of 528 and 96.
48
What is the highest common divisor of 400 and 14100?
100
Calculate the greatest common factor of 27 and 8559.
27
What is the greatest common divisor of 30927 and 61?
61
What is the highest common divisor of 143 and 13?
13
What is the highest common divisor of 122698 and 62?
62
What is the greatest common factor of 11732 and 28?
28
What is the greatest common divisor of 5 and 685?
5
Calculate the greatest common divisor of 186 and 5270.
62
Calculate the greatest common divisor of 598 and 78.
26
What is the highest common divisor of 80 and 4660?
20
What is the highest common divisor of 856 and 8?
8
What is the greatest common factor of 120705 and 195?
195
What is the highest common divisor of 2454 and 48?
6
Calculate the highest common factor of 159 and 53.
53
What is the highest common divisor of 258 and 215?
43
Calculate the highest common factor of 12 and 8276.
4
What is the greatest common factor of 1903 and 2249?
173
What is the greatest common divisor of 9537 and 99?
33
What is the greatest common factor of 106 and 8321?
53
Calculate the highest common factor of 924 and 3168.
132
Calculate the highest common factor of 33 and 1947.
33
Calculate the highest common divisor of 69 and 34063.
23
What is the highest common factor of 116 and 76?
4
What is the greatest common divisor of 54 and 10386?
18
Calculate the highest common divisor of 48 and 1616.
16
Calculate the greatest common divisor of 9 and 6309.
9
Calculate the greatest common factor of 1285 and 5.
5
What is the highest common factor of 3893 and 229?
229
Calculate the greatest common factor of 132 and 176.
44
What is the highest common divisor of 9828 and 1820?
364
Calculate the highest common factor of 210 and 75.
15
Calculate the greatest common divisor of 2895 and 15.
15
Calculate the greatest common factor of 18 and 666.
18
Calculate the 